-2)).
2, 7, 17, 19
Let h = -282 - -2367. What are the prime factors of h?
3, 5, 139
Let h = -2837 + 4357. What are the prime factors of h?
2, 5, 19
Let z = 139 + -135. Suppose z*l = 630 + 942. What are the prime factors of l?
3, 131
Let n be 4276/(-6)*(-2 - (-2)/4). Suppose -c = 2*a + 2*c - 547, -c + n = 4*a. List the prime factors of a.
2, 7, 19
Let h(f) = 592*f + 9. Let w be h(-1). Let a = 1582 + w. List the prime factors of a.
3, 37
Let a = 130 + -240. Let s = a - -316. List the prime factors of s.
2, 103
Suppose 0 = 6*n - 8*n + 8. Suppose -n*i + 40 = 4*s - 0, 4*s - 2*i - 34 = 0. Suppose 19*y = s*y + 150. What are the prime factors of y?
3, 5
Suppose -3*i + 6 = -3. Suppose 3 = -p, -4*x - i*p + 181 = x. Let l = -6 + x. List the prime factors of l.
2
Suppose -2296 = -16*f + 8*f. Suppose -x = w - 429, -5*w + 5*x - f = -2402. List the prime factors of w.
2, 3, 71
Let r be ((-11)/(-3))/((-20)/30 - -1). Suppose 15*k - r*k = -5*q + 2803, -4*q = k - 2249. What are the prime factors of q?
563
Let o = -16744 + 94903. What are the prime factors of o?
3, 26053
Let i(t) = -t + 170 - t - t + 5*t. Let u be i(0). Suppose -6*l + u = -l. List the prime factors of l.
2, 17
Let t = -135 + 137. Suppose 16 = a + 3*a, -t*a = 5*d - 763. What are the prime factors of d?
151
Let k(t) = 893*t**2 + 58*t - 65. What are the prime factors of k(-6)?
5, 11, 577
Suppose 0 = 16*n - 443817 + 123801. List the prime factors of n.
3, 59, 113
Let n be 2*1*18/12. Let v(s) = -61*s + 9. Let i be v(n). Let h = 322 + i. What are the prime factors of h?
2, 37
Suppose 26*j - 10 = 21*j, 5*j - 5438 = -2*c. List the prime factors of c.
2, 23, 59
Let f(i) = 62 - 19*i - 9 - 20*i + 30. What are the prime factors of f(-8)?
5, 79
Let t(f) = f**3 + 14*f**2 - 6*f + 3. Let q(g) = 2*g**3 + 28*g**2 - 13*g + 7. Let b(c) = -2*q(c) + 5*t(c). Let s = 21 - 35. List the prime factors of b(s).
3, 19
Let k be 3 - (4/(-6))/(4/66). Suppose k*g = -1146 + 10512. What are the prime factors of g?
3, 223
Let w = 19475 + -13473. What are the prime factors of w?
2, 3001
Suppose -a - 2*u + 19 = u, 4*a - 2*u - 34 = 0. Suppose -a*q + 8*q + 3*s + 807 = 0, 2*q + 5*s - 847 = 0. List the prime factors of q.
3, 137
Suppose 0 = 18*s - 6*s + 180. Let i(n) = n**3 + 13*n**2 - 23*n - 11. Let h be i(s). What are the prime factors of h/(5/(15/(-6)))?
2, 29
Let h = 0 - -1. Let g(o) = -1 + 15*o + 87*o**2 + 26*o - 44*o + 5. List the prime factors of g(h).
2, 11
Let z(r) = -2*r**3 - 5*r + 8. Let g be z(0). Suppose -3*t + 2114 = -2*u, 3 = -g*u + 5*u. List the prime factors of t.
2, 11
Let u = 3868 + 530. What are the prime factors of u?
2, 3, 733
Let p be 44/(-77) + 1/(14/15086). Let w = -732 + p. What are the prime factors of w?
3, 5, 23
Suppose 13*i - 8*i - 2033 = -3*v, 5*v + 1985 = 5*i. List the prime factors of i.
13, 31
List the prime factors of (-74390)/(-8) + (-17 - 949/(-52)).
2, 3, 5, 31
Suppose 40*z - 203466 = 174734. List the prime factors of z.
5, 31, 61
Suppose r = 4*r - 30. Suppose 8*k - r*k = -664. What are the prime factors of k?
2, 83
Let r(s) = -414*s + 181. What are the prime factors of r(-31)?
5, 19, 137
Let d be (4 - 119/21)*(-63)/35. Suppose -l + 0*x + 2*x = 0, -l - 4*x + 12 = 0. Suppose -3*i + 5*o = -274, -o + 276 = d*i - l*o. What are the prime factors of i?
3, 31
Suppose -185*r = -151*r - 743580. List the prime factors of r.
2, 3, 5
Suppose 4*r = 2*r - 3*m + 12, 0 = -5*m + 10. Suppose -342 = 20*o - 22*o + 3*s, o - 180 = -r*s. List the prime factors of o.
2, 3, 29
Suppose -2*m - y + 2*y = 66, m + 4*y = -33. Let k = -51 - m. What are the prime factors of 6/(-27) - 2110/k?
3, 13
Let n(i) = 21*i**3 + 4*i**2 - 5*i + 10. Let m(k) = -13*k + 68. Let z be m(5). List the prime factors of n(z).
2, 13, 23
Suppose 3*s - 7*s + 29 = 5*t, 0 = -t - 3. Suppose 2*z = 2*p + 930, 2335 = -6*z + s*z - 3*p. List the prime factors of z.
2, 5, 47
Suppose 0 = -6*p + 19119 + 23469. What are the prime factors of p?
2, 3, 7, 13
Suppose -3*a = -2*w + 8637, 0 = 6*a - 5*a + w + 2879. Let g = -1317 - a. What are the prime factors of g?
2, 11, 71
Let n = -34 - -39. Suppose 0 = -3*l - n*q - 40, l + 2*q = 2*l + 17. Let u = 47 + l. What are the prime factors of u?
2
What are the prime factors of ((-54)/15)/(-7 - 7874/(-1125))?
2, 3, 5
Let r be (16/3)/((-10)/(-30)) + 1. Suppose 4*b + 9 - r = 0. Suppose 213 + 111 = b*c. List the prime factors of c.
2, 3
Let v(x) = 149*x**2 + 91*x - 33. What are the prime factors of v(11)?
11, 157
Let u(k) = 12*k**3 - 2*k**2 - 7*k - 6. Let t be u(-4). Let h be (16/(-12))/2 + t/3. Let d = h + 375. List the prime factors of d.
5, 23
Suppose 0 = 5*r + p - 87, -2*r + 5*p + 41 = r. What are the prime factors of (-534)/(-4)*(19 - r)?
3, 89
Let h be ((-84)/(-140))/((-11)/(-10) - 1). Let u(q) = -3 - 3*q + 5 + 7 + 0*q**2 + 2*q**3 - 4*q**2. List the prime factors of u(h).
3, 31
Let l = -673 + 1521. Let i = l + -352. Suppose 5*q - 637 = 3*r, -2*q - r + i = 2*q. What are the prime factors of q?
5
Suppose 13*r - 18*r = -4*g + 25175, 4*r + 25184 = 4*g. List the prime factors of g.
5, 13, 97
Let h = 23 + -18. Suppose d = 4*j - 1448, -h*j - 1810 = -10*j - d. List the prime factors of j.
2, 181
Let d(y) = 1982*y - 339. What are the prime factors of d(5)?
17, 563
Suppose 474813 + 587801 - 107764 = 50*b. List the prime factors of b.
13, 113
Let b(m) = m**3 + 7*m**2 + 4*m - 10. Let r be b(-6). Suppose 0*u - 4*u + 4*p - 8 = 0, r*p - 6 = 3*u. List the prime factors of (-2 + -99 + u)/(2 - 3).
103
Let a(g) = 9*g - 325. Let m be a(36). List the prime factors of 10/8*m*(19 + -975).
5, 239
Suppose -2*y + 2*c - 40 + 12 = 0, 2*c + 24 = -2*y. Let f be y/(-4) - (-9)/12. Suppose 10 = -f*w + 74. What are the prime factors of w?
2
Let c be 5215/(-10) - (-3 + 3/2). Let i = c + 764. List the prime factors of i.
2, 61
Suppose -37*v = -33*v - 9044. Suppose 2*j + 1798 = 4*r, -2*j + v = 5*r - 0*r. List the prime factors of r.
11, 41
Suppose 22*q - 26*q + r = -212677, 3*r = -4*q + 212673. List the prime factors of q.
3, 37, 479
Let z(h) = -57*h + 2255. List the prime factors of z(-29).
2, 977
Suppose -45*r = -13*r - 590752. What are the prime factors of r?
18461
Let g(z) = -13*z**3 - 7*z**2 - 33*z - 76. What are the prime factors of g(-9)?
23, 397
List the prime factors of (-97704)/(-6)*(3/(-2) + 5).
2, 3, 7, 23, 59
Suppose -c = 2*c + 2*d - 7, -3*c = 5*d - 4. Suppose -63*a - 1 = -64*a, 0 = c*u - a - 4814. List the prime factors of u.
3, 5, 107
Let v(h) = 13647*h - 1992. What are the prime factors of v(2)?
2, 3, 4217
Let z(h) = h**3 + 19*h**2 - 25*h - 12. Let w be z(-18). List the prime factors of 2 + -1 - w/12*-10.
2, 3, 53
Let m = 226 + -211. Suppose 3285 = -m*c + 9825. What are the prime factors of c?
2, 109
Let u(v) = 156*v**2 + 3*v + 4. Let n be u(-1). Suppose n = 5*b - 193. List the prime factors of 7602/b + ((-16)/10 - -2).
109
Suppose -48 = -5*t - 158. Let w be (-6)/2*t/6. Suppose w*v = 8*v + 93. List the prime factors of v.
31
Suppose -104*h = -1381700 - 70972. What are the prime factors of h?
2, 3, 97
Suppose 4316 = 4*t - 4*o, 16 - 26 = 2*o. Suppose 316*k = 318*k - t. List the prime factors of k.
3, 179
Suppose 0 = -9*c + 25*c - 32. Suppose c*o = -2*o + 180. What are the prime factors of o?
3, 5
Let o(w) = -2*w**3 + 4*w**2 - 78*w + 30. Let q be o(12). Let m = 5319 + q. What are the prime factors of m?
3, 7, 73
Let a(i) = 199*i**3 + 2*i**2 - 17*i + 30. What are the prime factors of a(2)?
2, 3, 7, 19
Suppose -39*s + 15*s = -18*s - 52608. List the prime factors of s.
2, 137
Let c be (-35721)/(-28) + 12/(-16). Suppose -242*u + c = -237*u. List the prime factors of u.
3, 5, 17
Suppose -287 = -q + 766. Suppose 28*l + q = 10209. List the prime factors of l.
3, 109
List the prime factors of 2/9 + ((-44141826)/(-27))/34.
5, 59, 163
Suppose -2*x + 6*x + 8 = 0. Let w(v) = -18*v**2 + 3*v + 1. Let s be w(x). Let j = -7 - s. List the prime factors of j.
2, 5, 7
Let m = 20172 - 16591. What are the prime factors of m?
3581
Suppose 5*p - 4*r = 16103 - 778, 4*p - 12260 = -2*r. List the prime factors of p.
5, 613
Let w(p) = -284*p + 2903. List the prime factors of w(-11).
3, 7, 41
Suppose 2*b = 2*k - 175047 - 12793, k + 2*b - 93911 = 0. List the prime factors of k.
19, 4943
Let r = 634 + -613. Suppose r*l - 37*l + 11168 = 0. List the prime factors of l.
2, 349
Su